e factors of 807?
3, 269
List the prime factors of 763.
7, 109
List the prime factors of 19558.
2, 7, 11, 127
List the prime factors of 7904.
2, 13, 19
List the prime factors of 50754.
2, 3, 11, 769
What are the prime factors of 44903?
83, 541
List the prime factors of 29144.
2, 3643
What are the prime factors of 76285?
5, 11, 19, 73
What are the prime factors of 1303?
1303
List the prime factors of 2408.
2, 7, 43
List the prime factors of 1021.
1021
List the prime factors of 2373.
3, 7, 113
What are the prime factors of 16613?
37, 449
List the prime factors of 5920.
2, 5, 37
List the prime factors of 2796.
2, 3, 233
List the prime factors of 9814.
2, 7, 701
List the prime factors of 576.
2, 3
What are the prime factors of 857?
857
List the prime factors of 24683.
24683
List the prime factors of 1077.
3, 359
List the prime factors of 98469.
3, 7, 521
What are the prime factors of 92092?
2, 7, 11, 13, 23
List the prime factors of 364.
2, 7, 13
List the prime factors of 7589.
7589
List the prime factors of 1206.
2, 3, 67
List the prime factors of 14572.
2, 3643
What are the prime factors of 42739?
79, 541
List the prime factors of 539.
7, 11
What are the prime factors of 1311?
3, 19, 23
List the prime factors of 786.
2, 3, 131
What are the prime factors of 798?
2, 3, 7, 19
What are the prime factors of 5933?
17, 349
List the prime factors of 1984.
2, 31
What are the prime factors of 12007?
12007
What are the prime factors of 68163?
3, 22721
What are the prime factors of 5495?
5, 7, 157
What are the prime factors of 3560?
2, 5, 89
List the prime factors of 56.
2, 7
What are the prime factors of 2389?
2389
List the prime factors of 12092.
2, 3023
List the prime factors of 4818.
2, 3, 11, 73
What are the prime factors of 2685?
3, 5, 179
List the prime factors of 6086.
2, 17, 179
List the prime factors of 87809.
277, 317
List the prime factors of 256.
2
What are the prime factors of 35083?
35083
List the prime factors of 177947.
7, 11, 2311
What are the prime factors of 5882?
2, 17, 173
List the prime factors of 22164.
2, 3, 1847
List the prime factors of 521.
521
List the prime factors of 2178.
2, 3, 11
What are the prime factors of 22011?
3, 11, 23, 29
What are the prime factors of 757?
757
List the prime factors of 100.
2, 5
List the prime factors of 1925.
5, 7, 11
What are the prime factors of 36402?
2, 3, 6067
What are the prime factors of 1235?
5, 13, 19
List the prime factors of 5593.
7, 17, 47
List the prime factors of 2652.
2, 3, 13, 17
What are the prime factors of 1081?
23, 47
List the prime factors of 2173.
41, 53
List the prime factors of 1565.
5, 313
What are the prime factors of 2670?
2, 3, 5, 89
What are the prime factors of 20?
2, 5
What are the prime factors of 11344?
2, 709
What are the prime factors of 2144?
2, 67
What are the prime factors of 6414?
2, 3, 1069
List the prime factors of 51472.
2, 3217
What are the prime factors of 4361?
7, 89
List the prime factors of 23002.
2, 7, 31, 53
List the prime factors of 654.
2, 3, 109
List the prime factors of 9862.
2, 4931
What are the prime factors of 5056?
2, 79
List the prime factors of 13835.
5, 2767
What are the prime factors of 184?
2, 23
What are the prime factors of 3973?
29, 137
List the prime factors of 14575.
5, 11, 53
List the prime factors of 16087.
16087
List the prime factors of 1637.
1637
What are the prime factors of 1192?
2, 149
What are the prime factors of 41344?
2, 17, 19
What are the prime factors of 17976?
2, 3, 7, 107
List the prime factors of 13998.
2, 3, 2333
What are the prime factors of 758?
2, 379
What are the prime factors of 13427?
29, 463
List the prime factors of 5302.
2, 11, 241
List the prime factors of 336.
2, 3, 7
What are the prime factors of 4975?
5, 199
What are the prime factors of 67280?
2, 5, 29
What are the prime factors of 59?
59
List the prime factors of 113672.
2, 13, 1093
What are the prime factors of 2517?
3, 839
What are the prime factors of 28076?
2, 7019
List the prime factors of 324.
2, 3
What are the prime factors of 1126?
2, 563
What are the prime factors of 3632?
2, 227
List the prime factors of 12004.
2, 3001
List the prime factors of 2075.
5, 83
What are the prime factors of 22780?
2, 5, 17, 67
What are the prime factors of 760?
2, 5, 19
List the prime factors of 33546.
2, 3, 5591
What are the prime factors of 7349?
7349
List the prime factors of 3584.
2, 7
What are the prime factors of 662?
2, 331
What are the prime factors of 15476?
2, 53, 73
What are the prime factors of 24743?
109, 227
What are the prime factors of 7089?
3, 17, 139
List the prime factors of 4723.
4723
List the prime factors of 22652.
2, 7, 809
What are the prime factors of 7213?
7213
List the prime factors of 27.
3
List the prime factors of 432.
2, 3
What are the prime factors of 27224?
2, 41, 83
What are the prime factors of 3157?
7, 11, 41
List the prime factors of 1440.
2, 3, 5
What are the prime factors of 73127?
73127
What are the prime factors of 4609?
11, 419
List the prime factors of 2082.
2, 3, 347
List the prime factors of 3390.
2, 3, 5, 113
List the prime factors of 729.
3
What are the prime factors of 13259?
13259
What are the prime factors of 73?
73
List the prime factors of 13109.
13109
List the prime factors of 1955.
5, 17, 23
List the prime factors of 49100.
2, 5, 491
List the prime factors of 33094.
2, 16547
List the prime factors of 39146.
2, 23, 37
What are the prime factors of 6819?
3, 2273
What are the prime factors of 517?
11, 47
What are the prime factors of 11641?
7, 1663
List the prime factors of 19190.
2, 5, 19, 101
List the prime factors of 260.
2, 5, 13
What are the prime factors of 18916?
2, 4729
What are the prime factors of 879?
3, 293
List the prime factors of 1706.
2, 853
List the prime factors of 35141.
35141
What are the prime factors of 13942?
2, 6971
List the prime factors of 61982.
2, 17, 1823
List the prime factors of 124449.
3, 13, 3191
List the prime factors of 23001.
3, 11, 17, 41
List the prime factors of 366.
2, 3, 61
What are the prime factors of 55100?
2, 5, 19, 29
What are the prime factors of 1135?
5, 227
What are the prime factors of 48291?
3, 16097
List the prime factors of 5301.
3, 19, 31
What are the prime factors of 892?
2, 223
What are the prime factors of 15075?
3, 5, 67
List the prime factors of 12726.
2, 3, 7, 101
What are the prime factors of 2298?
2, 3, 383
What are the prime factors of 851?
23, 37
What are the prime factors of 98667?
3, 19, 577
What are the prime factors of 2012?
2, 503
What are the prime factors of 99015?
3, 5, 7, 23, 41
What are the prime factors of 20918?
2, 10459
List the prime factors of 2654.
2, 1327
What are the prime factors of 895?
5, 179
What are the prime factors of 12914?
2, 11, 587
What are the prime factors of 527?
17, 31
List the prime factors of 1514.
2, 757
What are the prime factors of 56654?
2, 13, 2179
List the prime factors of 636.
2, 3, 53
What are the prime factors of 1333?
31, 43
List the prime factors of 13935.
3, 5, 929
List the prime factors of 92640.
2, 3, 5, 193
What are the prime factors of 833?
7, 17
What are the prime factors of 2269?
2269
What are the prime factors of 16100?
2, 5, 7, 23
What are the prime factors of 23545?
5, 17, 277
List the prime factors of 10551.
3, 3517
List the prime factors of 20344.
2, 2543
What are the prime factors of 1637?
1637
What are the prime factors of 46211?
11, 4201
List the prime factors of 1894.
2, 947
List the prime factors of 197.
197
What are the prime factors of 338?
2, 13
List the prime factors of 15313.
15313
What are the prime factors of 75158?
2, 37579
List the prime factors of 16973.
11, 1543
What are the prime factors of 1090?
2, 5, 109
What are the prime factors of 703?
19, 37
List the prime factors of 881.
881
List the prime factors of 12401.
12401
What are the prime factors of 89814?
2, 3, 14969
What are the prime factors of 3240?
2, 3, 5
List the prime factors of 7659.
3, 23, 37
List the prime factors of 72004.
2, 47, 383
List the prime factors of 2063.
2063
List the prime factors of 22910.
2, 5, 29, 79
What are the prime factors of 711?
3, 79
What are the prime factors of 4547?
4547
What are the prime factors of 792?
2, 3, 11
List the prime factors of 5597.
29, 193
What are the prime factors of 2